Suppose 5*z - 3362 = 3*z. Let w be 150552/170 - (-8)/(-5). Suppose -z - w = -9*d. List the prime factors of d.
3, 5, 19
Let m(z) = z**2 + 6*z - 2. Let r be m(-6). Let p(u) = 2884*u + 9*u**2 - 2879*u + 6 + 13*u**2. List the prime factors of p(r).
2, 3, 7
Suppose 2*f = 15*f - 221. Suppose f*u = 9*u + 520. List the prime factors of u.
5, 13
Suppose 34*i = 28*i + 2346. Let m = 719 + i. List the prime factors of m.
2, 3, 5, 37
Let t(s) = -1 + s**2 + 2 + 10*s + 5. Let d(p) = -2*p**3 + 14*p**2 + 7*p - 62. Let g be d(7). List the prime factors of t(g).
3, 5
Suppose -77691 + 855621 = -0*s + 30*s. What are the prime factors of s?
25931
Suppose 2*x = -8*x + 49670. List the prime factors of x.
4967
Let n(l) = 19*l**3 + 3*l**2 - 41*l + 5. What are the prime factors of n(8)?
3, 7, 457
Let p = -46 + 50. Let d be (-8)/3*-2*3/p. List the prime factors of -2 + d*(27 - -1).
2, 5, 11
Let r(j) = -388 + 41*j + 18*j**2 + 2*j + 26*j - 19. List the prime factors of r(6).
5, 131
Let q(l) = l**2 + 91*l - 23. Let k(d) = -d**2 - 90*d + 23. Let m(b) = -3*k(b) - 2*q(b). What are the prime factors of m(14)?
5, 281
Let d(t) = -t**2 + 15*t - 13. Let o be d(13). Suppose -o + 9 = -2*r. What are the prime factors of ((-3)/12)/(r/(-488))?
61
Suppose -4*c - 12 = 0, -q + 40 = 4*q - 5*c. Let w(j) = -31*j + 131. Let p(z) = 33*z - 116. Let t(i) = 5*p(i) + 4*w(i). List the prime factors of t(q).
149
Suppose 0 = -18*m + 15*m + 18. Suppose m*c - 5*k + 330 = 7*c, 0 = -5*c + 5*k + 1530. List the prime factors of c.
2, 5, 31
Suppose -5*q - 3*p = -4, -3*q + 2*p + 5 + 5 = 0. Suppose 0 = -a - q, 3*z - z = -a - 70. Let b = 54 - z. List the prime factors of b.
2, 11
Let w be 0 + 0 - (15 - 19). Suppose w*f + 51 = 147. Let r = -19 + f. List the prime factors of r.
5
Suppose -3*t + 1575 = -1344. Suppose 662 = 15*z - t. List the prime factors of z.
109
Let h(t) = 10*t**2 - 351*t - 52. List the prime factors of h(-26).
2, 3, 7, 13, 29
Let l(j) = 449*j - 806. List the prime factors of l(34).
2, 3, 5, 241
Suppose 490*z + 238147 = 497*z. What are the prime factors of z?
13, 2617
Let s(a) = -10*a. Let w be s(1). Let k be (-6020)/25*w*1. Suppose -13*d = d - k. List the prime factors of d.
2, 43
Let t(k) = -10*k - 320. Let i be t(-32). Suppose 6*z - 672 + 612 = i. List the prime factors of z.
2, 5
Let s(n) = n**2 + 8*n + 62. Let m(d) = d - 52. Let f be m(28). List the prime factors of s(f).
2, 223
Suppose 7*k + 63 = -154. Let u = k + 35. What are the prime factors of (-145)/(-7 + 2) - u?
5
Suppose -2*i + 3*l + 1380 = 0, -i - 4*l - 3450 = -6*i. List the prime factors of i.
2, 3, 5, 23
Let g(p) be the first derivative of p**4/2 - 4*p**3/3 - 13*p**2/2 + 58*p + 86. What are the prime factors of g(8)?
2, 19
Suppose -12*u + 13*u - 445 = 0. What are the prime factors of (-16)/56 + 2/7 + u?
5, 89
Suppose -278 = -4*x - 3*n, -x + 6*x - 5*n = 330. Let g = 73 - x. Suppose 0 = -0*c - g*c - 4*w + 940, -5*c = -4*w - 980. What are the prime factors of c?
2, 3
List the prime factors of 40223/13 - 636/8268.
2, 7, 13, 17
Let l be 2*(-3)/(-12)*-2. List the prime factors of ((-16)/(-6) + -5)/(l/198).
2, 3, 7, 11
Suppose 25*m = 4*m - 14*m + 279510. List the prime factors of m.
2, 3, 11
Suppose 3*b = b - 120. Let q be 3/(-12) + (-3384)/32. Let x = b - q. List the prime factors of x.
2, 23
Let b(m) = -2*m**2 + 10*m + 30. Let k(i) = -3*i**2 + 19*i + 61. Let r(u) = -5*b(u) + 3*k(u). List the prime factors of r(-11).
7, 11
Let v be 2/((-10)/(-85)) + 1. Suppose v*p = -10 + 5536. List the prime factors of p.
307
Suppose 2*n - 16 = -2*z + 4*n, 3*n = -9. Suppose -5*d - z*d = -50. Suppose 5*m + 40 = d*b, b = 2*m - 2 + 9. List the prime factors of b.
3
List the prime factors of -3*482049/(-243) + (-12)/54.
11, 541
Let d be ((-18)/14 - -1)/(12/(-84)). Suppose -r = -3*z + d*r + 48, -5*z = 3*r - 40. Suppose -z*v - 247 = -2106. List the prime factors of v.
13
Let p = -2869 - -8048. What are the prime factors of p?
5179
Suppose 4*f + 5*m - 3330 = 1244, -3*f - 2*m + 3420 = 0. List the prime factors of f.
2, 71
Let s = 9 - 5. Let q be (-100)/(-400) - (1 - 46/8). Suppose s*t = -q*t + 918. List the prime factors of t.
2, 3, 17
Let y = 320 - 317. Suppose 3*v + 3*a - 294 = 0, -2*a = -y*v + 199 + 105. What are the prime factors of v?
2, 5
List the prime factors of -56*(156/(-390) - (-633)/(-30)).
2, 7, 43
Let c(t) = -26*t - 267 + 29*t - 57*t. What are the prime factors of c(-9)?
3, 73
Let i(j) be the second derivative of 3*j**4 + 7*j**3/2 + 3*j**2 - 2*j - 26. List the prime factors of i(3).
3, 131
Suppose -51*z = -27*z - 40890 - 352854. List the prime factors of z.
2, 13, 631
Suppose 0 = -98*q + 97*q + 2*r + 3106, -4*r - 3114 = -q. List the prime factors of q.
2, 1549
List the prime factors of 650/(-25) - -26616 - (-1 - -2)*-5.
3, 5, 197
Let j(s) = 8*s**3 - 32 + 5*s - 7*s**2 - 9*s**3 - 9*s. List the prime factors of j(-11).
2, 31
Suppose 167809 = 21*b - 46957 - 258784. What are the prime factors of b?
2, 5, 11, 41
Let j = -346 - -406. What are the prime factors of 6/j + (-9387)/(-30)?
313
Suppose 30 = -3*h - 0*d + 3*d, -5*h = -4*d + 54. Let g = h + -1. What are the prime factors of (1*61 - 1) + (g - -16)?
61
Let x(l) = -3*l**2 - 11*l - 4. Let g = 8 + -11. Let m be x(g). Suppose -5*j - 160 = -m*r, 2*r - 2*j = 4*r - 188. List the prime factors of r.
2, 3, 5
Let p(t) = -2*t**2 + 20*t - 11. Let f be p(8). Let a = -19 + f. Suppose a*m - 405 = -m. List the prime factors of m.
3, 5
Let j = -2774 + 11773. What are the prime factors of j?
8999
Let n be (-3)/2 + (-195)/(-30). Suppose 564 = c + 2*r, -n*r - 2765 = -5*c - 4*r. What are the prime factors of c?
2, 277
Suppose 0 = 69*y - 73*y + 106232. List the prime factors of y.
2, 7, 271
Let a(p) = p**3 - 9*p**2 - 10*p - 3. Let s be a(10). Let k be (1 + 6/(-10))/(s/(-15)). Suppose k*w - 531 = -w. What are the prime factors of w?
3, 59
What are the prime factors of -9*(-50)/180*(-66040)/(-25)?
2, 13, 127
List the prime factors of 78/(-37 + 76) + 1642*(-1)/(-2).
823
Let n(a) = 19*a + 2400. What are the prime factors of n(51)?
3, 1123
List the prime factors of (-15)/((-1500)/8) - 1051346/(-50).
3, 43, 163
Suppose 7*a - 10 = -31. What are the prime factors of -11*(-88)/(1 - a)?
2, 11
Suppose -4*q - 3 = -5*d, -4*q - 4*d = -26 + 2. Suppose 0 = -q*m + 8*m. Suppose m = -7*w + 2*w + 335. List the prime factors of w.
67
Let g = 13 + 11. Suppose g*o + 7*o = 9951. What are the prime factors of o?
3, 107
Suppose -f + 5*a + 33 = 0, 2*f - 2*a + 54 = 4*f. Suppose -5*z + 3*s = -40, 3*z - 6*s = -s + 24. Suppose z*y = 6*y + f. List the prime factors of y.
2, 7
What are the prime factors of (3621 + 89)/((-1)/(-1))?
2, 5, 7, 53
Suppose -27*k + 6 = -24*k. Let t(p) = 2*p - 4. Let f be t(4). Suppose 4*b - 624 = -4*i, -745 = -5*b + f*i - k*i. What are the prime factors of b?
151
Let a(y) = -2*y**3 - 24*y**2 + 33*y + 69. List the prime factors of a(-19).
2, 281
Let s = -37081 - -51115. List the prime factors of s.
2, 3, 2339
Suppose 0 = -4*m + 5*c - 23 + 314, -5*m - 2*c = -339. Let r be m/46*2/(-3)*-3. Suppose -4*a - t + 359 = 0, -a + 197 = a - r*t. List the prime factors of a.
7, 13
Let k(d) = -d**2. Let o be k(3). Suppose 56*n - 168 = 52*n. Let p = o + n. List the prime factors of p.
3, 11
Suppose -2*g = -13 + 3. Suppose 2 = 4*s - 8*s - 2*c, 0 = 3*s + 3*c + 9. Suppose -2*w - g*q + 189 = 0, -w - s*q + 300 = 2*w. What are the prime factors of w?
2, 3, 17
Let c(v) = -v**2 - 19*v - 14. Let n be c(-12). Suppose 4*o - 3*o + 4*z + 15 = 0, 0 = 2*o - 2*z + n. Let i = o + 41. What are the prime factors of i?
2, 5
Let k be ((-245)/5)/((-3)/174) - 5. Suppose -5*w = 4*p - 3495, 4*w - 2*p - 3*p = k. List the prime factors of w.
19, 37
Let p be (20/12)/(4*(-4)/(-48)). Suppose -2*r = 10, -2*w - 149 = -6*w + p*r. Suppose -61 + w = -5*t. List the prime factors of t.
2, 3
List the prime factors of 6/(120/(-28)) + ((-30711408)/(-70))/6.
73121
Let u(k) = 559*k + 1. Let b be u(1). Suppose 5*i - i = -5*o + 1466, 0 = -2*o + 5*i + b. Suppose 2*m + o = 7*m. What are the prime factors of m?
2, 29
Suppose -4*m + 20 - 4 = 0. Suppose 6296 = m*p - 5*b, 4*p = -2*b - 741 + 7009. What are the prime factors of p?
3, 523
List the prime factors of ((-44)/(-220))/((-5)/(-9725)).
389
Let s be (1 - -3 - 2) + 548. Suppose 0*h = -5*y + 3*h + 1367, 2*h = 2*y - s. List the pr